der when 5975 is divided by 5779?
196
What is the remainder when 12039 is divided by 5972?
95
Calculate the remainder when 372077 is divided by 126.
125
Calculate the remainder when 71080 is divided by 17763.
28
What is the remainder when 91922 is divided by 11488?
18
What is the remainder when 1184 is divided by 6?
2
Calculate the remainder when 409231 is divided by 1200.
31
Calculate the remainder when 13910 is divided by 3.
2
Calculate the remainder when 14646 is divided by 66.
60
Calculate the remainder when 21012 is divided by 38.
36
What is the remainder when 27977 is divided by 221?
131
Calculate the remainder when 2276 is divided by 622.
410
What is the remainder when 1605 is divided by 18?
3
What is the remainder when 30476 is divided by 957?
809
What is the remainder when 114076 is divided by 496?
492
What is the remainder when 586652 is divided by 126?
122
What is the remainder when 1744 is divided by 406?
120
Calculate the remainder when 93807 is divided by 469.
7
Calculate the remainder when 4092 is divided by 279.
186
What is the remainder when 94438 is divided by 6?
4
What is the remainder when 82663 is divided by 9?
7
Calculate the remainder when 32083 is divided by 36.
7
Calculate the remainder when 104129 is divided by 425.
4
Calculate the remainder when 452252 is divided by 612.
596
What is the remainder when 2801 is divided by 1079?
643
What is the remainder when 98602 is divided by 5?
2
What is the remainder when 162817 is divided by 14?
11
Calculate the remainder when 5543 is divided by 581.
314
Calculate the remainder when 41684 is divided by 386.
382
Calculate the remainder when 4396094 is divided by 329.
325
What is the remainder when 109300 is divided by 45?
40
What is the remainder when 5813 is divided by 18?
17
What is the remainder when 12242 is divided by 1055?
637
What is the remainder when 106175 is divided by 12?
11
What is the remainder when 3185 is divided by 406?
343
Calculate the remainder when 848 is divided by 182.
120
Calculate the remainder when 1013 is divided by 482.
49
What is the remainder when 10160 is divided by 42?
38
What is the remainder when 7017 is divided by 531?
114
Calculate the remainder when 1322 is divided by 47.
6
What is the remainder when 656830 is divided by 528?
526
Calculate the remainder when 7694 is divided by 28.
22
What is the remainder when 1021 is divided by 197?
36
What is the remainder when 139773 is divided by 168?
165
Calculate the remainder when 20766 is divided by 1481.
32
What is the remainder when 14019 is divided by 75?
69
What is the remainder when 6973 is divided by 387?
7
What is the remainder when 18090 is divided by 18?
0
What is the remainder when 59530 is divided by 147?
142
Calculate the remainder when 41127 is divided by 92.
3
Calculate the remainder when 16077 is divided by 334.
45
Calculate the remainder when 1597 is divided by 667.
263
What is the remainder when 900731 is divided by 84?
83
Calculate the remainder when 17539 is divided by 126.
25
Calculate the remainder when 203111 is divided by 126.
125
Calculate the remainder when 5731 is divided by 573.
1
What is the remainder when 318 is divided by 270?
48
Calculate the remainder when 1353 is divided by 126.
93
What is the remainder when 428050 is divided by 103?
85
What is the remainder when 130718 is divided by 20?
18
Calculate the remainder when 40710 is divided by 43.
32
What is the remainder when 6443 is divided by 122?
99
Calculate the remainder when 1408 is divided by 60.
28
What is the remainder when 540867 is divided by 745?
742
Calculate the remainder when 780 is divided by 158.
148
What is the remainder when 11113 is divided by 6?
1
Calculate the remainder when 6175 is divided by 58.
27
What is the remainder when 332286 is divided by 64?
62
What is the remainder when 2303 is divided by 8?
7
What is the remainder when 11726 is divided by 2921?
42
What is the remainder when 33891 is divided by 33880?
11
What is the remainder when 3697 is divided by 1844?
9
What is the remainder when 3056 is divided by 611?
1
What is the remainder when 11774 is divided by 75?
74
What is the remainder when 1657 is divided by 75?
7
What is the remainder when 3511 is divided by 153?
145
Calculate the remainder when 127471 is divided by 18187.
162
What is the remainder when 116646 is divided by 8?
6
Calculate the remainder when 705346 is divided by 54.
52
What is the remainder when 75960 is divided by 7590?
60
What is the remainder when 134545 is divided by 13?
8
Calculate the remainder when 2123 is divided by 681.
80
What is the remainder when 36500 is divided by 26?
22
What is the remainder when 674 is divided by 235?
204
What is the remainder when 141765 is divided by 72?
69
What is the remainder when 1548 is divided by 119?
1
Calculate the remainder when 3371 is divided by 220.
71
Calculate the remainder when 13460 is divided by 3363.
8
What is the remainder when 19566 is divided by 19?
15
What is the remainder when 6687 is divided by 310?
177
What is the remainder when 145859 is divided by 146?
5
Calculate the remainder when 316694 is divided by 67.
52
What is the remainder when 7407 is divided by 351?
36
What is the remainder when 76536 is divided by 71?
69
Calculate the remainder when 1198 is divided by 34.
8
What is the remainder when 7056 is divided by 2946?
1164
Calculate the remainder when 40723 is divided by 2387.
144
What is the remainder when 588 is divided by 155?
123
Calculate the remainder when 111718 is divided by 490.
488
What is the remainder when 145376 is divided by 19?
7
What is the remainder when 644493 is divided by 2432?
13
What is the remainder when 16686 is divided by 35?
26
Calculate the remainder when 483319 is divided by 20.
19
What is the remainder when 4190 is divided by 263?
245
Calculate the remainder when 10673 is divided by 73.
15
Calculate the remainder when 6665 is divided by 320.
265
Calculate the remainder when 16106 is divided by 4004.
90
What is the remainder when 47307 is divided by 791?
638
What is the remainder when 962841 is divided by 523?
521
What is the remainder when 12899 is divided by 1394?
353
What is the remainder when 8077 is divided by 21?
13
Calculate the remainder when 5605 is divided by 874.
361
What is the remainder when 3152 is divided by 1393?
366
What is the remainder when 172102 is divided by 426?
424
Calculate the remainder when 1400 is divided by 400.
200
Calculate the remainder when 2082 is divided by 125.
82
Calculate the remainder when 193911 is divided by 960.
951
What is the remainder when 4253 is divided by 481?
405
Calculate the remainder when 27628 is divided by 151.
146
Calculate the remainder when 121457 is divided by 344.
25
What is the remainder when 31866 is divided by 176?
10
What is the remainder when 218294 is divided by 109138?
18
What is the remainder when 4372734 is divided by 204?
198
What is the remainder when 21041 is divided by 24?
17
Calculate the remainder when 7161 is divided by 32.
25
What is the remainder when 7350 is divided by 7032?
318
Calculate the remainder when 943 is divided by 294.
61
What is the remainder when 104696 is divided by 2904?
152
What is the remainder when 1601169 is divided by 474?
471
Calculate the remainder when 17774 is divided by 183.
23
What is the remainder when 159274 is divided by 53087?
13
Calculate the remainder when 510879 is divided by 169.
161
What is the remainder when 1288492 is divided by 54?
52
What is the remainder when 1258 is divided by 593?
72
Calculate the remainder when 546 is divided by 24.
18
Calculate the remainder when 132950 is divided by 145.
130
Calculate the remainder when 10771 is divided by 157.
95
Calculate the remainder when 46184 is divided by 68.
12
Calculate the remainder when 3923 is divided by 162.
35
Calculate the remainder when 2379 is divided by 391.
33
What is the remainder when 20679 is divided by 964?
435
What is the remainder when 462623 is divided by 366?
365
What is the remainder when 16508 is divided by 4107?
80
What is the remainder when 34361 is divided by 45?
26
What is the remainder when 268 is divided by 144?
124
Calculate the remainder when 16082 is divided by 1232.
66
What is the remainder when 74428 is divided by 12399?
34
Calculate the r